s the highest common divisor of f and q?
44
Suppose 6*l + 26 = 8. Let o be (-790)/(-18) + l/(-27). Let q = -25 + o. Calculate the highest common divisor of q and 19.
19
Suppose -5*b + 2*l = -l - 634, b + 4*l = 136. Suppose -175 + 47 = -8*c. Calculate the greatest common divisor of b and c.
16
Suppose -3*i + 1266*a = 1265*a - 86, 0 = 3*a - 12. Calculate the highest common factor of 1398 and i.
6
Let a be (-310)/2*(-9 - (-11 + 7)). Calculate the highest common divisor of a and 25.
25
Let n = -390 - -392. Let p be (-558093)/(-2139) + n/23. Let r be (-2)/5 + (-294)/(-10). What is the highest common divisor of r and p?
29
Let j = -3 + 5. Suppose -j*x + 30 - 152 = 0. Let l = -53 - x. What is the highest common factor of 12 and l?
4
Let a(c) = 45*c + 910. Let p be a(-18). What is the highest common factor of 4 and p?
4
Let f = 3750 - 3708. Calculate the greatest common factor of 1778 and f.
14
Let a(s) = 2*s**2 - 38*s + 20. Let h(z) = z**2 - 3*z - 51. Let d be h(-7). Let m be a(d). Calculate the highest common divisor of 460 and m.
20
Let g(t) be the second derivative of t**4/6 + 7*t**3/6 + 15*t**2/2 - 20*t. Let i be g(-4). Suppose -c + 1 = -i. Calculate the highest common factor of c and 10.
10
Suppose 5*l - 19080 = g, -1007*l - 15264 = -1011*l + 2*g. Calculate the greatest common divisor of l and 72.
72
Let s(t) = -t**3 + 4*t**2 + 59*t + 9. Let r be s(-6). What is the greatest common factor of 200 and r?
5
Suppose 4*j - 122 - 360 = -2*q, 0 = -2*q - 2*j + 484. Calculate the greatest common factor of 15 and q.
3
Suppose -6424 = 20*a - 43524. Calculate the highest common factor of 14 and a.
7
Let x be -5*3*(-2)/(-15). Let p(d) be the first derivative of -15*d**2/2 + 1. Let g be p(x). Calculate the greatest common factor of g and 75.
15
Suppose t = -q - 3*t + 41, 3*t - 3 = 0. What is the highest common divisor of q and 11433?
37
Suppose -9*i = -8 - 10. Suppose p + i*p - 18 = 0. Suppose 286 = p*x - 4*x. What is the greatest common factor of 13 and x?
13
Let b be ((-6)/15 - 82/(-5))*2. Let a be (-16)/b*44/2. Let t = a + 18. Calculate the highest common divisor of t and 28.
7
Let p(b) = 10*b**2 + 16*b - 19. Let x be p(-8). Calculate the greatest common factor of 255 and x.
17
Let h = -178 - -164. Let y be (2 + h)/(4/(-118)). What is the highest common divisor of y and 6?
6
Let i = 6376 + -5417. What is the greatest common divisor of 3288 and i?
137
Suppose -960 = -36*m + 32*m. Let t = m - 214. What is the highest common factor of 2 and t?
2
Let b be (3 - -11)/(4/10). Let j be 4*((-18)/24)/1. Let r be (-1)/((-24)/j) + (-41)/(-8). Calculate the greatest common divisor of b and r.
5
Let c = 4230 + -1647. What is the highest common factor of 189 and c?
63
Suppose 2946*i - 2942*i = 2*q - 248, 4*i - 88 = -q. Let x = 10 - -18. Calculate the greatest common factor of x and q.
28
Suppose 5*j - 588 = 2*j. Let n = -71 + j. Let k(a) = -32*a**2 + 2337*a - 23. Let t be k(73). What is the greatest common divisor of t and n?
25
Let c = 34 - 61. Let x = c - -27. Suppose -p - 1 = g - 7, x = -3*g + p + 30. Calculate the highest common factor of 1 and g.
1
Let c(l) = 562*l - 1004. Let o be c(2). Calculate the greatest common factor of o and 930.
30
Suppose -12*l = -8294 - 8806. Let h = l + -810. What is the highest common divisor of 369 and h?
123
Let b(g) = 158*g + 1162. Let u be b(-7). What is the highest common factor of 42 and u?
14
Suppose 0 = 2*w + x - 285, 0 = -2*x + 4 - 10. Suppose t - 5*t = -w. Let j = 3 + t. Calculate the greatest common divisor of 195 and j.
39
Let r(a) = -a - 4. Let d be r(-3). Let f be (-7)/d*84/49. What is the greatest common factor of f and 12?
12
Let b be (-2)/(374/(-110) - (0 + -3)). Suppose -4*y = b*l - 645, 3*y + l = -2*l + 486. What is the greatest common divisor of 55 and y?
55
Suppose -2*t = -5*t - 96. Suppose 2*o - 3 + 35 = 0. Let f = o - t. What is the highest common factor of f and 12?
4
Let h(m) = 95*m + 8. Let p be h(-1). Let x = 99 + p. What is the highest common divisor of 16 and x?
4
Suppose -16 = w + h, 2*w - 11*h = -12*h - 36. Let b be (-274)/(-4) + (-30)/w. Let z = b + -59. Calculate the greatest common factor of 11 and z.
11
Let h be 2*15/(-24)*-4. Suppose h*n - 138 = n + 2*i, n = 5*i + 21. What is the greatest common divisor of n and 90?
18
Suppose -x + j = -115, 2*j = -x - 370 + 503. Let t(f) = -f**3 - 4*f**2 - 5*f + 2. Let l be t(-4). Calculate the greatest common divisor of x and l.
11
Let y = 16074 - 13655. What is the greatest common divisor of 41 and y?
41
Suppose -2*f = 16, -7*z + f + 3967 = -6*z. What is the greatest common factor of z and 111?
37
Let d = 737 - 689. What is the highest common factor of 512 and d?
16
Suppose 1866 = -8*v - 2*v + 6506. Calculate the greatest common factor of v and 1508.
116
Suppose -3*d = -0*d - 4*b - 29, -d = -4*b - 23. Suppose -7 = 25*w - 32*w. Suppose -2*v = -10, 5*i + w = d*v - 9. What is the highest common factor of i and 13?
1
Suppose -8*a = -3*a - 790. Let k(u) = u**2 + 80*u - 1412. Let y be k(-97). What is the highest common divisor of y and a?
79
Let q = 511 - 937. Let b = q - -1098. Calculate the highest common divisor of 21 and b.
21
Let a(i) = 42*i - 352. Let t be a(23). Let z = t - 569. Calculate the greatest common divisor of 81 and z.
9
Let a be (-1)/(-14) - (-13338)/252. Suppose -x - 3370 = -5*h - 723, 3*h - 1584 = 2*x. Calculate the highest common divisor of h and a.
53
Let q(y) = 5*y**2 + 24*y + 57. Let o(r) = -4*r**2 - 25*r - 57. Let x(f) = 3*o(f) + 2*q(f). Let u be x(-9). What is the highest common divisor of 6 and u?
6
Suppose 4*r - 4536 = -44*f + 39*f, 5*f - 4535 = -5*r. Calculate the highest common factor of 9307 and f.
227
Let q(t) = 15*t - 2. Suppose 5*o - 6*o = -7. Let r be q(o). Let s = -69 + r. What is the greatest common factor of s and 306?
34
Suppose 0 = 115*a - 503 - 391 - 256. What is the highest common divisor of a and 1280?
10
Let b = 403 + 75. Let g = -448 + b. Calculate the highest common factor of 30 and g.
30
Let z = -20604 + 20903. What is the greatest common factor of z and 52?
13
Let s(q) = -q**3 - 6*q**2 + 8*q - 3. Let p be s(-8). Suppose -76 + p = -3*a. What is the greatest common factor of a and 135?
5
Let f be (-25)/(-3) - 8/(-12). Let s = -109 + 174. Suppose 80 = 5*y + 2*t, -7*y + s = -2*y + 5*t. Calculate the highest common factor of y and f.
9
Let a(o) = -4*o**3 - 3*o**2 + 2*o - 2. Let j be a(2). Let w = 114 + j. Calculate the highest common factor of 64 and w.
8
Let l be (-1)/22*4 - 19830/(-165). What is the highest common factor of l and 4776?
24
Let h be ((-2576)/6)/(-4)*(57/(-2))/(-19). Calculate the highest common factor of 1012 and h.
23
Let t be ((-374)/(-5))/((-1)/(-5)). Let y(f) = 1230*f + 7402. Let p be y(-6). Calculate the highest common divisor of t and p.
22
Let u = -8 - -24. Let d be (-214)/1819 + ((-8)/(-34))/2. Suppose d = -3*c - 5*m + 157, c - m - 39 - u = 0. Calculate the highest common divisor of 18 and c.
18
Suppose 5*f = -4*v + 145, 3*v - 65 = -f - f. Let h be (f/(-6))/(3/(-18)). Let a = h - -5. Calculate the highest common factor of a and 60.
30
Let u be (-24)/(-108)*-39 - (-2)/3. Let l be 29*(-135)/30*u/6. What is the highest common divisor of 6 and l?
6
Let z be (5195/15 - 6) + 6/9. Calculate the greatest common factor of z and 22.
11
Let t(k) = 12*k + 7. Suppose 4 = -2*w, 2*c + 2*c - 3*w - 22 = 0. Let i be t(c). Let z = -49 + i. What is the highest common factor of 66 and z?
6
Suppose 0 = -w - 11*w - 29*w + 615. What is the highest common factor of 96 and w?
3
Let i(t) = 6*t**3 - t**2. Let j be i(2). Suppose 0 = 4*w - 4*x - 340, -5*x + 11 = -4. What is the highest common factor of j and w?
44
Suppose -2*v + 5*d + 4173 + 3205 = 0, -5*d = -4*v + 14746. Calculate the greatest common divisor of 12 and v.
12
Suppose 14*k - 390 = k. Suppose 21 = 5*s - 279. Calculate the highest common divisor of k and s.
30
Let t = 797 + -788. Let j = -252 - -378. What is the greatest common factor of t and j?
9
Let w(n) = -n**3 + 6*n**2 - 4*n - 1. Let g be w(4). Let k(l) = 108*l**2 - 9*l - 9. Let y be k(-3). Calculate the highest common factor of g and y.
15
Let q be (-1038)/(-3) + 140/28. Calculate the highest common factor of 81 and q.
27
Suppose -2*x = 5*y - 18, 10 = 5*x - 46*y + 41*y. Let q be 69*10/x*(-76)/(-190). Calculate 